{"id":2724,"date":"2021-04-15T17:49:58","date_gmt":"2021-04-15T15:49:58","guid":{"rendered":"https:\/\/www.sgb-fss.ch\/?post_type=association&#038;p=2724"},"modified":"2021-10-12T14:43:56","modified_gmt":"2021-10-12T12:43:56","slug":"sichtbar-gehoerlose","status":"publish","type":"association","link":"https:\/\/www.sgb-fss.ch\/de\/association\/sichtbar-gehoerlose\/","title":{"rendered":"sichtbar Geh\u00f6rlose Z\u00fcrich"},"content":{"rendered":"\n<p class=\"is-style-lead\">Die regionale Dachorganisation sichtbar GEH\u00d6RLOSE Z\u00dcRICH koordiniert die Aktivit\u00e4ten und Angebote im Raum Z\u00fcrich im Auftrag des Schweizerischen Geh\u00f6rlosenbundes SGB-FSS.<\/p>\n\n\n\n<p>sichtbar GEH\u00d6RLOSE Z\u00dcRICH ist die gemeinn\u00fctzige Dachorganisation der Geh\u00f6rlosen-Selbsthilfe im Kanton Z\u00fcrich. Getragen wird sie von der Stiftung Treffpunkt der Geh\u00f6rlosen TdG. Sie bietet f\u00fcr die rund 2\u2018500 Geh\u00f6rlosen im Kanton Z\u00fcrich geh\u00f6rlosengerechte Angebote wie Begegnungen, Kultur &amp; Bildung, Kommunikation &amp; Geb\u00e4rdensprache und setzt sich als Interessenvertretung f\u00fcr die Bilingualit\u00e4t (Geb\u00e4rdensprache sowie Laut- und Schriftsprache) sowie f\u00fcr die Umsetzung der UNO-Behindertenrechtskonvention BRK im Kanton Z\u00fcrich ein.<\/p>\n","protected":false},"author":40,"featured_media":6221,"template":"","class_list":["post-2724","association","type-association","status-publish","has-post-thumbnail","hentry"],"acf":[],"yoast_head":"<!-- This site is optimized with the Yoast SEO plugin v27.4 - https:\/\/yoast.com\/product\/yoast-seo-wordpress\/ -->\n<title>sichtbar Geh\u00f6rlose Z\u00fcrich - SGB-FSS<\/title>\n<meta name=\"robots\" content=\"index, follow, max-snippet:-1, max-image-preview:large, max-video-preview:-1\" \/>\n<link rel=\"canonical\" href=\"https:\/\/www.sgb-fss.ch\/de\/association\/sichtbar-gehoerlose\/\" \/>\n<meta property=\"og:locale\" content=\"de_DE\" \/>\n<meta property=\"og:type\" content=\"article\" \/>\n<meta property=\"og:title\" content=\"sichtbar Geh\u00f6rlose Z\u00fcrich - SGB-FSS\" \/>\n<meta property=\"og:description\" content=\"Die regionale Dachorganisation sichtbar GEH\u00d6RLOSE Z\u00dcRICH koordiniert die Aktivit\u00e4ten und Angebote im Raum Z\u00fcrich [&hellip;]\" \/>\n<meta property=\"og:url\" content=\"https:\/\/www.sgb-fss.ch\/de\/association\/sichtbar-gehoerlose\/\" \/>\n<meta property=\"og:site_name\" content=\"SGB-FSS\" \/>\n<meta property=\"article:modified_time\" content=\"2021-10-12T12:43:56+00:00\" \/>\n<meta property=\"og:image\" content=\"https:\/\/www.sgb-fss.ch\/content\/uploads\/2021\/04\/sichbar_logo-1.jpg\" \/>\n\t<meta property=\"og:image:width\" content=\"936\" \/>\n\t<meta property=\"og:image:height\" content=\"774\" \/>\n\t<meta property=\"og:image:type\" content=\"image\/jpeg\" \/>\n<meta name=\"twitter:card\" content=\"summary_large_image\" \/>\n<meta name=\"twitter:label1\" content=\"Gesch\u00e4tzte Lesezeit\" \/>\n\t<meta name=\"twitter:data1\" content=\"1\u00a0Minute\" \/>\n<script type=\"application\/ld+json\" class=\"yoast-schema-graph\">{\"@context\":\"https:\\\/\\\/schema.org\",\"@graph\":[{\"@type\":\"WebPage\",\"@id\":\"https:\\\/\\\/www.sgb-fss.ch\\\/de\\\/association\\\/sichtbar-gehoerlose\\\/\",\"url\":\"https:\\\/\\\/www.sgb-fss.ch\\\/de\\\/association\\\/sichtbar-gehoerlose\\\/\",\"name\":\"sichtbar Geh\u00f6rlose Z\u00fcrich - SGB-FSS\",\"isPartOf\":{\"@id\":\"https:\\\/\\\/www.sgb-fss.ch\\\/de\\\/#website\"},\"primaryImageOfPage\":{\"@id\":\"https:\\\/\\\/www.sgb-fss.ch\\\/de\\\/association\\\/sichtbar-gehoerlose\\\/#primaryimage\"},\"image\":{\"@id\":\"https:\\\/\\\/www.sgb-fss.ch\\\/de\\\/association\\\/sichtbar-gehoerlose\\\/#primaryimage\"},\"thumbnailUrl\":\"https:\\\/\\\/www.sgb-fss.ch\\\/content\\\/uploads\\\/2021\\\/04\\\/sichbar_logo-1.jpg\",\"datePublished\":\"2021-04-15T15:49:58+00:00\",\"dateModified\":\"2021-10-12T12:43:56+00:00\",\"breadcrumb\":{\"@id\":\"https:\\\/\\\/www.sgb-fss.ch\\\/de\\\/association\\\/sichtbar-gehoerlose\\\/#breadcrumb\"},\"inLanguage\":\"de\",\"potentialAction\":[{\"@type\":\"ReadAction\",\"target\":[\"https:\\\/\\\/www.sgb-fss.ch\\\/de\\\/association\\\/sichtbar-gehoerlose\\\/\"]}]},{\"@type\":\"ImageObject\",\"inLanguage\":\"de\",\"@id\":\"https:\\\/\\\/www.sgb-fss.ch\\\/de\\\/association\\\/sichtbar-gehoerlose\\\/#primaryimage\",\"url\":\"https:\\\/\\\/www.sgb-fss.ch\\\/content\\\/uploads\\\/2021\\\/04\\\/sichbar_logo-1.jpg\",\"contentUrl\":\"https:\\\/\\\/www.sgb-fss.ch\\\/content\\\/uploads\\\/2021\\\/04\\\/sichbar_logo-1.jpg\",\"width\":936,\"height\":774},{\"@type\":\"BreadcrumbList\",\"@id\":\"https:\\\/\\\/www.sgb-fss.ch\\\/de\\\/association\\\/sichtbar-gehoerlose\\\/#breadcrumb\",\"itemListElement\":[{\"@type\":\"ListItem\",\"position\":1,\"name\":\"Home\",\"item\":\"https:\\\/\\\/www.sgb-fss.ch\\\/de\\\/\"},{\"@type\":\"ListItem\",\"position\":2,\"name\":\"sichtbar Geh\u00f6rlose Z\u00fcrich\"}]},{\"@type\":\"WebSite\",\"@id\":\"https:\\\/\\\/www.sgb-fss.ch\\\/de\\\/#website\",\"url\":\"https:\\\/\\\/www.sgb-fss.ch\\\/de\\\/\",\"name\":\"SGB-FSS\",\"description\":\"\",\"potentialAction\":[{\"@type\":\"SearchAction\",\"target\":{\"@type\":\"EntryPoint\",\"urlTemplate\":\"https:\\\/\\\/www.sgb-fss.ch\\\/de\\\/?s={search_term_string}\"},\"query-input\":{\"@type\":\"PropertyValueSpecification\",\"valueRequired\":true,\"valueName\":\"search_term_string\"}}],\"inLanguage\":\"de\"}]}<\/script>\n<!-- \/ Yoast SEO plugin. -->","yoast_head_json":{"title":"sichtbar Geh\u00f6rlose Z\u00fcrich - SGB-FSS","robots":{"index":"index","follow":"follow","max-snippet":"max-snippet:-1","max-image-preview":"max-image-preview:large","max-video-preview":"max-video-preview:-1"},"canonical":"https:\/\/www.sgb-fss.ch\/de\/association\/sichtbar-gehoerlose\/","og_locale":"de_DE","og_type":"article","og_title":"sichtbar Geh\u00f6rlose Z\u00fcrich - SGB-FSS","og_description":"Die regionale Dachorganisation sichtbar GEH\u00d6RLOSE Z\u00dcRICH koordiniert die Aktivit\u00e4ten und Angebote im Raum Z\u00fcrich [&hellip;]","og_url":"https:\/\/www.sgb-fss.ch\/de\/association\/sichtbar-gehoerlose\/","og_site_name":"SGB-FSS","article_modified_time":"2021-10-12T12:43:56+00:00","og_image":[{"width":936,"height":774,"url":"https:\/\/www.sgb-fss.ch\/content\/uploads\/2021\/04\/sichbar_logo-1.jpg","type":"image\/jpeg"}],"twitter_card":"summary_large_image","twitter_misc":{"Gesch\u00e4tzte Lesezeit":"1\u00a0Minute"},"schema":{"@context":"https:\/\/schema.org","@graph":[{"@type":"WebPage","@id":"https:\/\/www.sgb-fss.ch\/de\/association\/sichtbar-gehoerlose\/","url":"https:\/\/www.sgb-fss.ch\/de\/association\/sichtbar-gehoerlose\/","name":"sichtbar Geh\u00f6rlose Z\u00fcrich - SGB-FSS","isPartOf":{"@id":"https:\/\/www.sgb-fss.ch\/de\/#website"},"primaryImageOfPage":{"@id":"https:\/\/www.sgb-fss.ch\/de\/association\/sichtbar-gehoerlose\/#primaryimage"},"image":{"@id":"https:\/\/www.sgb-fss.ch\/de\/association\/sichtbar-gehoerlose\/#primaryimage"},"thumbnailUrl":"https:\/\/www.sgb-fss.ch\/content\/uploads\/2021\/04\/sichbar_logo-1.jpg","datePublished":"2021-04-15T15:49:58+00:00","dateModified":"2021-10-12T12:43:56+00:00","breadcrumb":{"@id":"https:\/\/www.sgb-fss.ch\/de\/association\/sichtbar-gehoerlose\/#breadcrumb"},"inLanguage":"de","potentialAction":[{"@type":"ReadAction","target":["https:\/\/www.sgb-fss.ch\/de\/association\/sichtbar-gehoerlose\/"]}]},{"@type":"ImageObject","inLanguage":"de","@id":"https:\/\/www.sgb-fss.ch\/de\/association\/sichtbar-gehoerlose\/#primaryimage","url":"https:\/\/www.sgb-fss.ch\/content\/uploads\/2021\/04\/sichbar_logo-1.jpg","contentUrl":"https:\/\/www.sgb-fss.ch\/content\/uploads\/2021\/04\/sichbar_logo-1.jpg","width":936,"height":774},{"@type":"BreadcrumbList","@id":"https:\/\/www.sgb-fss.ch\/de\/association\/sichtbar-gehoerlose\/#breadcrumb","itemListElement":[{"@type":"ListItem","position":1,"name":"Home","item":"https:\/\/www.sgb-fss.ch\/de\/"},{"@type":"ListItem","position":2,"name":"sichtbar Geh\u00f6rlose Z\u00fcrich"}]},{"@type":"WebSite","@id":"https:\/\/www.sgb-fss.ch\/de\/#website","url":"https:\/\/www.sgb-fss.ch\/de\/","name":"SGB-FSS","description":"","potentialAction":[{"@type":"SearchAction","target":{"@type":"EntryPoint","urlTemplate":"https:\/\/www.sgb-fss.ch\/de\/?s={search_term_string}"},"query-input":{"@type":"PropertyValueSpecification","valueRequired":true,"valueName":"search_term_string"}}],"inLanguage":"de"}]}},"_links":{"self":[{"href":"https:\/\/www.sgb-fss.ch\/de\/wp-json\/wp\/v2\/association\/2724","targetHints":{"allow":["GET"]}}],"collection":[{"href":"https:\/\/www.sgb-fss.ch\/de\/wp-json\/wp\/v2\/association"}],"about":[{"href":"https:\/\/www.sgb-fss.ch\/de\/wp-json\/wp\/v2\/types\/association"}],"author":[{"embeddable":true,"href":"https:\/\/www.sgb-fss.ch\/de\/wp-json\/wp\/v2\/users\/40"}],"wp:featuredmedia":[{"embeddable":true,"href":"https:\/\/www.sgb-fss.ch\/de\/wp-json\/wp\/v2\/media\/6221"}],"wp:attachment":[{"href":"https:\/\/www.sgb-fss.ch\/de\/wp-json\/wp\/v2\/media?parent=2724"}],"curies":[{"name":"wp","href":"https:\/\/api.w.org\/{rel}","templated":true}]}}

sichtbar Gehörlose Zürich

<p class="is-style-lead">Die regionale Dachorganisation sichtbar GEHÖRLOSE ZÜRICH koordiniert die Aktivitäten und Angebote im Raum Zürich im Auftrag des Schweizerischen Gehörlosenbundes SGB-FSS.</p>



<p>sichtbar GEHÖRLOSE ZÜRICH ist die gemeinnützige Dachorganisation der Gehörlosen-Selbsthilfe im Kanton Zürich. Getragen wird sie von der Stiftung Treffpunkt der Gehörlosen TdG. Sie bietet für die rund 2‘500 Gehörlosen im Kanton Zürich gehörlosengerechte Angebote wie Begegnungen, Kultur &amp; Bildung, Kommunikation &amp; Gebärdensprache und setzt sich als Interessenvertretung für die Bilingualität (Gebärdensprache sowie Laut- und Schriftsprache) sowie für die Umsetzung der UNO-Behindertenrechtskonvention BRK im Kanton Zürich ein.</p>

<!-- This site is optimized with the Yoast SEO plugin v27.4 - https://yoast.com/product/yoast-seo-wordpress/ -->
<title>sichtbar Gehörlose Zürich - SGB-FSS</title>
<meta name="robots" content="index, follow, max-snippet:-1, max-image-preview:large, max-video-preview:-1" />
<link rel="canonical" href="https://www.sgb-fss.ch/de/association/sichtbar-gehoerlose/" />
<meta property="og:locale" content="de_DE" />
<meta property="og:type" content="article" />
<meta property="og:title" content="sichtbar Gehörlose Zürich - SGB-FSS" />
<meta property="og:description" content="Die regionale Dachorganisation sichtbar GEHÖRLOSE ZÜRICH koordiniert die Aktivitäten und Angebote im Raum Zürich [&hellip;]" />
<meta property="og:url" content="https://www.sgb-fss.ch/de/association/sichtbar-gehoerlose/" />
<meta property="og:site_name" content="SGB-FSS" />
<meta property="article:modified_time" content="2021-10-12T12:43:56+00:00" />
<meta property="og:image" content="https://www.sgb-fss.ch/content/uploads/2021/04/sichbar_logo-1.jpg" />
	<meta property="og:image:width" content="936" />
	<meta property="og:image:height" content="774" />
	<meta property="og:image:type" content="image/jpeg" />
<meta name="twitter:card" content="summary_large_image" />
<meta name="twitter:label1" content="Geschätzte Lesezeit" />
	<meta name="twitter:data1" content="1 Minute" />
<script type="application/ld+json" class="yoast-schema-graph">{"@context":"https:\/\/schema.org","@graph":[{"@type":"WebPage","@id":"https:\/\/www.sgb-fss.ch\/de\/association\/sichtbar-gehoerlose\/","url":"https:\/\/www.sgb-fss.ch\/de\/association\/sichtbar-gehoerlose\/","name":"sichtbar Gehörlose Zürich - SGB-FSS","isPartOf":{"@id":"https:\/\/www.sgb-fss.ch\/de\/#website"},"primaryImageOfPage":{"@id":"https:\/\/www.sgb-fss.ch\/de\/association\/sichtbar-gehoerlose\/#primaryimage"},"image":{"@id":"https:\/\/www.sgb-fss.ch\/de\/association\/sichtbar-gehoerlose\/#primaryimage"},"thumbnailUrl":"https:\/\/www.sgb-fss.ch\/content\/uploads\/2021\/04\/sichbar_logo-1.jpg","datePublished":"2021-04-15T15:49:58+00:00","dateModified":"2021-10-12T12:43:56+00:00","breadcrumb":{"@id":"https:\/\/www.sgb-fss.ch\/de\/association\/sichtbar-gehoerlose\/#breadcrumb"},"inLanguage":"de","potentialAction":[{"@type":"ReadAction","target":["https:\/\/www.sgb-fss.ch\/de\/association\/sichtbar-gehoerlose\/"]}]},{"@type":"ImageObject","inLanguage":"de","@id":"https:\/\/www.sgb-fss.ch\/de\/association\/sichtbar-gehoerlose\/#primaryimage","url":"https:\/\/www.sgb-fss.ch\/content\/uploads\/2021\/04\/sichbar_logo-1.jpg","contentUrl":"https:\/\/www.sgb-fss.ch\/content\/uploads\/2021\/04\/sichbar_logo-1.jpg","width":936,"height":774},{"@type":"BreadcrumbList","@id":"https:\/\/www.sgb-fss.ch\/de\/association\/sichtbar-gehoerlose\/#breadcrumb","itemListElement":[{"@type":"ListItem","position":1,"name":"Home","item":"https:\/\/www.sgb-fss.ch\/de\/"},{"@type":"ListItem","position":2,"name":"sichtbar Gehörlose Zürich"}]},{"@type":"WebSite","@id":"https:\/\/www.sgb-fss.ch\/de\/#website","url":"https:\/\/www.sgb-fss.ch\/de\/","name":"SGB-FSS","description":"","potentialAction":[{"@type":"SearchAction","target":{"@type":"EntryPoint","urlTemplate":"https:\/\/www.sgb-fss.ch\/de\/?s={search_term_string}"},"query-input":{"@type":"PropertyValueSpecification","valueRequired":true,"valueName":"search_term_string"}}],"inLanguage":"de"}]}</script>
<!-- / Yoast SEO plugin. -->

sichtbar Gehörlose Zürich - SGB-FSS

Die regionale Dachorganisation sichtbar GEHÖRLOSE ZÜRICH koordiniert die Aktivitäten und Angebote im Raum Zürich [&hellip;]
